)/21). Let l be (-25)/q - (-33)/77. Suppose 2*s - 458 = -4*m, l*m + 2*s - 473 = 3*s. What is the highest common divisor of m and 13?
13
Let k = 1178 + -1079. Calculate the highest common factor of k and 176.
11
Let m be 4/((1/(-25))/(54/(-135))). Calculate the greatest common divisor of m and 8.
8
Let k(g) = -g**2 - 4*g + 31. Let q be k(4). Let c be (73 - 4) + 5/q. Calculate the highest common factor of 8 and c.
8
Suppose 154 - 130 = 3*u. Suppose 3*g + 735 = u*g. Calculate the highest common divisor of 21 and g.
21
Suppose 0 = -2*l + 4*l + 12. Let y(u) = -5*u - 15. Let w be y(l). Calculate the highest common factor of 15 and w.
15
Let g(z) = z**2 - z + 1. Let f(x) = -17*x**2 - 3*x + 5. Let d(c) = -f(c) + 4*g(c). Let s be d(-1). What is the greatest common divisor of s and 189?
21
Suppose 16*m + 5*b + 550 = 17*m, 2777 = 5*m + 2*b. What is the greatest common factor of 74 and m?
37
Suppose 8*k - 3*k = 5. Let f(u) = 33*u**2 + u + 1. Let d be f(k). Calculate the greatest common divisor of 315 and d.
35
Let m(w) = -w**2 - 24*w - 58. Let o be m(-21). Let d = 32 + -7. What is the highest common factor of o and d?
5
Suppose 4*m + 41*n = 42*n + 125, -2*m = -3*n - 75. What is the greatest common divisor of 15 and m?
15
Suppose -24 = 9*y - 12*y + 3*g, 46 = 5*y + g. Calculate the highest common factor of 81 and y.
9
Let s be ((-408)/(-36))/(-4*1/(-30)). Let b(n) = -n + 29. Let h be b(12). Calculate the highest common divisor of h and s.
17
Let u(c) = -15*c**3 + 2*c**2 + 7*c. Let l be u(-2). Calculate the highest common divisor of 12 and l.
6
Let o = 108 + -34. Let w = 164 - o. What is the greatest common factor of w and 36?
18
Suppose 0 = i + i + 4*d - 210, 5*d = 4*i - 420. Let n be 3 - ((-14)/35 - (-7)/5). Suppose 10*b - 120 = n*b. Calculate the greatest common divisor of i and b.
15
Let p(t) = -15*t + 7. Let d be p(-7). Suppose c + 75 = -9*r + 14*r, 5*r + c = 85. Calculate the highest common divisor of d and r.
16
Let m(s) = 4*s**2 + 6*s + 12. Let n be m(2). Let q be 1598/10 - 1/(-5). What is the greatest common factor of q and n?
40
Suppose 0 = -26*d + 32*d - 180. What is the greatest common divisor of d and 20?
10
Let m = 1 - -2. Suppose 3*n = -3*s + 302 + 43, m*s - 105 = -n. Calculate the greatest common factor of 15 and n.
15
Suppose -95*u + 69*u = -390. What is the highest common divisor of u and 605?
5
Let h(r) = 2*r + 14. Let f be h(13). Suppose -2*c - 2 = 0, -a + f = -3*c - 8. What is the greatest common divisor of 18 and a?
9
Suppose -o + 4*v = -0*o - 99, 0 = -2*o - 2*v + 228. Calculate the greatest common factor of 3 and o.
3
Let i(q) = q**3 + 12*q**2 - 12*q + 19. Let p be i(-13). Let h be 2/(p/81) + -3. Calculate the greatest common divisor of h and 24.
24
Let v = -838 - -860. Calculate the greatest common factor of 506 and v.
22
Let u be (-2)/(1*(-2)/16). Let c = u - -4. What is the greatest common divisor of c and 4?
4
Let l(q) be the third derivative of -q**5/60 - 7*q**4/8 - 7*q**3/2 - 50*q**2. Let z be l(-17). What is the greatest common factor of 188 and z?
47
Let h(m) be the second derivative of m**5/20 + 5*m**4/12 + 2*m**3/3 + 2*m**2 - 9*m. Let i be h(-4). Calculate the highest common factor of 32 and i.
4
Suppose -2*p - p + 440 = -4*t, -5*t = -3*p + 445. Let y be (p/49)/(2/7). What is the greatest common factor of 90 and y?
10
Suppose -17 + 43 = 5*o + 4*d, -d = 3*o - 10. What is the highest common divisor of 8 and o?
2
Let r be (-1012)/(-6) - (-1)/3. Suppose -r = 6*x - 547. Calculate the greatest common factor of 9 and x.
9
Suppose 28*w = 35*w - 1764. What is the highest common factor of 72 and w?
36
Let c = -238 + 297. What is the highest common divisor of 767 and c?
59
Let t(g) = g - 11. Let k be t(16). Suppose k*h - 227 - 73 = 0. What is the greatest common factor of h and 20?
20
Let q(b) be the first derivative of -9*b**4/4 + b**3/3 - b**2 - 3*b + 6. Let m be q(-1). Calculate the highest common divisor of 45 and m.
9
Let k be (1 + 0)*(4 + -2). Suppose 3 = -k*g - g. Let i = 31 + g. What is the greatest common factor of 20 and i?
10
Let p = 61 + -43. Let n(i) = -22*i - 80. Let z(v) = -v**3 - 6*v**2 + 6*v - 18. Let a be z(-7). Let r be n(a). Calculate the highest common factor of p and r.
18
Suppose -10*d = -13*d + 6. Let f(j) = -4*j - 2. Let q be f(-2). Calculate the greatest common factor of q and d.
2
Suppose 29 = 2*c - r + 4, 38 = 3*c - 2*r. Let l be ((-1)/2)/(4/(-8)). Let v = l + c. What is the highest common divisor of v and 39?
13
Suppose 4*q = 5 + 75. Suppose 4*j = 28 + q. What is the highest common factor of 132 and j?
12
Let a be 13*1 + 65/(-13). Suppose 5*c + a + 0 = 2*g, 3 = g - 3*c. What is the greatest common factor of g and 9?
9
Suppose -2*w - 3*w + 65 = 0. Let t(z) = 3*z + 6. Let q be t(-4). Let k(s) = -9*s - 2. Let v be k(q). What is the greatest common divisor of w and v?
13
Suppose 1 = u - 5*x, 4*x + 0*x = -4. Let i(n) be the second derivative of n**4/12 - n**2 + n. Let j be i(u). What is the highest common factor of 126 and j?
14
Let j be 984 + (-55)/11 + 13. What is the greatest common divisor of j and 31?
31
Let j(a) = -a**2 - 16*a + 8. Let c be j(-12). Let z = -1 + c. Calculate the highest common factor of 11 and z.
11
Suppose 9*c = -c. Suppose m - 5 = -o, -m - 1 = -5*o - c. Calculate the highest common divisor of m and 28.
4
Let q = 11 - 8. Suppose 0*b + b = 0. Suppose b*f - m = 5*f - 131, 4*f - m - 112 = 0. Calculate the highest common divisor of q and f.
3
Let x be 2/(-8) + 77/4. Suppose -1251 = 1657*p - 1676*p + 3442. Calculate the highest common factor of x and p.
19
Suppose 3*l - 10 = 2*r, -l - 3*r - 15 + 0 = 0. Let y be (l - 6/(-5))*5. Suppose -3*b - 228 = -y*b. Calculate the highest common factor of 19 and b.
19
Suppose 176 = z - 3*m - 244, 0 = 3*m. Calculate the highest common factor of z and 35.
35
Suppose -4 = -2*q - 0. Let k be (120/q)/(23 + -22). What is the greatest common divisor of 20 and k?
20
Suppose -2*k + 0*k = -18. Let v be (4/(-6))/((-3)/k). Suppose 0 = 3*n, -l + 0*l + 3*n = -8. What is the greatest common factor of v and l?
2
Suppose m - 21 = 5*y, 2*y + 26 = 5*m - 171. Let k = -32 + m. What is the greatest common factor of 72 and k?
9
Suppose 14*u = -37*u + 561. Calculate the greatest common factor of 176 and u.
11
Let q(w) = 117*w**3 + w**2 + 8*w - 9. Let b be q(1). What is the highest common factor of b and 273?
39
Let y(m) be the second derivative of -m**3/6 + 5*m**2/2 - 4*m. Let o be y(-8). Calculate the highest common factor of o and 65.
13
Let u be (-3448)/(-23) + 1 - 406/(-4669). What is the greatest common factor of 1963 and u?
151
Let i = 77 - 103. Let u be (i/(-6))/((-1)/(-6)). What is the highest common divisor of 39 and u?
13
Let y = 30 + -28. Suppose -y*x + 3*x - 4 = 0, 0 = -3*h + 4*x + 89. Suppose -2*c = -13 - 1. What is the greatest common divisor of h and c?
7
Suppose -w = -0*i + 2*i - 16, 5*w = -i + 8. Suppose -10 = -2*a + i*o - 7*o, 2*a - 6 = 3*o. What is the greatest common factor of 66 and a?
6
Let g(z) = z**3 - 33*z**2 + 3*z + 258. Let b be g(33). Calculate the highest common divisor of b and 21.
21
Let x be -12*(-1)/(-3) - -1*14. Let n = 5 - -10. Calculate the highest common divisor of n and x.
5
Let s(y) = y**3 - 9*y**2 - 11*y + 18. Let q be s(10). Let p(j) = 2*j**2 - 11*j - 9. Let x be p(q). Calculate the greatest common divisor of x and 155.
31
Let y = 4 + 1. Suppose -4*g - g - 6 = t, -3*t = 3*g - 6. Suppose t*k = n - 28, k - y*k = -4*n + 136. Calculate the greatest common divisor of 12 and n.
12
Let g = 113 + -50. Suppose 4*o - 188 + 160 = 0. Calculate the highest common factor of g and o.
7
Let m be (0 - (3 + -4))*-1. Let r be (m + 3)*27/(-6). Let z be r/18 - (-49)/2. Calculate the highest common factor of z and 12.
12
Let d(y) = 4*y. Let v be d(-2). Let z = -10 - v. Let f be 3/z - (-156)/8. Calculate the highest common factor of 9 and f.
9
Let c(n) = n**3 - 10*n**2 + 5. Let m be c(10). Suppose 0 = -4*a - 4*o - 0*o + 348, 437 = m*a + 3*o. Calculate the greatest common factor of 22 and a.
22
Let k be (-72)/(-6)*25/10. Calculate the highest common factor of k and 255.
15
Let y be 218/6 + (-2)/(-3). Let n(d) = 2*d**2 + 23*d - 4. Let w be n(-11). Let q = w + y. What is the greatest common factor of q and 2?
2
Let w be 373/3 + (-2)/6. Let q = w + -72. Suppose 2*